culate m(-19).
-25
Let u(x) = 2*x**3 - 217*x**2 - 722*x - 6949. Determine u(112).
-5
Let r(i) = 308925*i - 308934. What is r(1)?
-9
Let o(t) = 34*t**3 - t**2 + 45*t - 45. What is o(1)?
33
Let t(g) = -g**2 + 1093*g - 43139. What is t(41)?
-7
Let o(p) = 80590*p - 1289337. Give o(16).
103
Let j(o) = -2*o**3 - 29*o**2 + 50*o + 331. Give j(-9).
-1010
Let o(s) = -s**2 - 133*s + 1047. What is o(8)?
-81
Let a(j) = -j**3 + 134*j**2 - 493*j - 3496. Calculate a(130).
14
Let q(z) = -7*z**3 + 38*z**2 + z - 27. Determine q(-5).
1793
Let f(d) = -d**2 + 1169*d - 24080. Give f(21).
28
Let x(m) = 42*m + 595. Give x(-19).
-203
Let y(i) = 13490*i**2 + 121416*i + 30. Give y(-9).
-24
Let k(d) = 428*d + 32296. Give k(-75).
196
Let x(f) = f**3 + 157*f**2 - 182*f - 3498. Calculate x(-158).
294
Let b(s) = -10212*s - 183863. Calculate b(-18).
-47
Let k(j) = -1094*j + 14362. Determine k(14).
-954
Let q(g) = 7144*g + 3786347. Calculate q(-530).
27
Let t(r) = 711395*r + 14227884. Give t(-20).
-16
Let g(b) = 2530*b**2 + 10117*b - 21. Calculate g(-4).
-9
Let n(i) = -237*i**2 - 1044*i + 1. Give n(-4).
385
Let r(v) = v**3 + 19*v**2 - 34*v - 22. Determine r(-21).
-190
Let l(q) = -3638404*q - 10915214. Determine l(-3).
-2
Let f(b) = -6*b**2 + 10*b - 2. Give f(7).
-226
Let b(s) = 13*s**2 + 4557*s + 2451. Determine b(-350).
1
Let v(q) = 4*q**2 + 482*q + 967. What is v(-120)?
727
Let b(a) = a**3 + 52*a**2 - 69*a - 8453. What is b(-50)?
-3
Let l(i) = i**3 - 77*i**2 + 923*i - 60. Calculate l(62).
-494
Let n(h) = -2*h**2 - 212*h + 2042. What is n(-115)?
-28
Let b(m) = -3087*m - 83719. What is b(-27)?
-370
Let a(r) = 10*r**2 - 109*r. Give a(9).
-171
Let s(x) = 24*x**2 + 9212*x + 43952. What is s(-379)?
-12
Let a(z) = -77651*z + 5668524. What is a(73)?
1
Let v(r) = 563*r**2 + 6679*r - 923. Determine v(-12).
1
Let w(h) = -24957*h - 324390. What is w(-13)?
51
Let n(h) = 754*h + 698. What is n(-1)?
-56
Let t(v) = 21468*v + 2125334. Calculate t(-99).
2
Let w(k) = -951*k + 5257. Determine w(6).
-449
Let p(a) = -11750*a - 70452. Calculate p(-6).
48
Let q(d) = -175*d - 3458. Give q(-17).
-483
Let u(m) = m**3 - 30*m**2 + 1009*m - 20770. Determine u(24).
-10
Let y(m) = 300900*m - 1203613. What is y(4)?
-13
Let j(p) = 3*p**3 - 622*p**2 + 202*p + 1031. Calculate j(207).
-4
Let x(l) = -4*l**3 - 25*l**2 + 6*l - 3. Determine x(-5).
-158
Let w(a) = -612506*a + 4287546. Give w(7).
4
Let v(d) = 66*d**2 - 21997*d - 15688. Give v(334).
10
Let n(t) = -t**2 + 203973*t + 1427867. Determine n(-7).
7
Let c(q) = -2*q**3 + 6*q**2 + 66*q - 178. What is c(6)?
2
Let b(h) = 2*h**3 + 362*h**2 - 2546*h - 2. Calculate b(7).
600
Let z(s) = -s**3 + 56*s**2 + 115*s - 18878. Determine z(51).
-8
Let x(t) = 109*t**2 - 1804*t - 1899. Give x(-1).
14
Let b(z) = 177*z + 12323. Determine b(-71).
-244
Let v(r) = 3*r**3 - 29*r**2 - 308*r - 1. Determine v(-8).
-929
Let l(z) = -32*z**3 + 988*z**2 + 2960*z - 8. Determine l(-3).
868
Let r(n) = -2*n**2 + 15805*n - 3245819. What is r(211)?
-6
Let n(g) = 3*g**2 + 784*g + 27304. Determine n(-220).
24
Let u(p) = 1091*p**2 + 4391*p + 84. Calculate u(-4).
-24
Let t(k) = -16*k**2 + 243*k + 440. Give t(18).
-370
Let j(m) = -13*m**2 - 2036*m - 8140. Calculate j(-4).
-204
Let c(v) = 3*v**2 - 25343*v - 25344. Calculate c(-1).
2
Let y(n) = 446*n - 16580. Give y(37).
-78
Let b(n) = -2*n**2 - 1797*n - 354204. Determine b(-292).
-8
Let q(p) = -998*p - 11378. Give q(-13).
1596
Let j(o) = 3*o**3 + 34*o**2 - 225*o - 2400. What is j(-12)?
12
Let h(d) = -d**3 + 204*d**2 + 224*d - 3936. What is h(205)?
-41
Let f(w) = 662485*w - 20537040. Determine f(31).
-5
Let z(u) = -3393*u - 1140098. What is z(-336)?
-50
Let i(w) = -3*w + 429. What is i(-1)?
432
Let i(x) = -261*x**2 + 13316*x - 91. What is i(51)?
164
Let f(o) = -o**3 + 14*o**2 - 116*o + 586. Give f(7).
117
Let p(r) = r**3 - 103*r**2 + 2713*r - 11. Give p(46).
4175
Let b(n) = -n**3 - 157*n**2 + 6045*n + 73. Calculate b(32).
-23
Let x(o) = 143*o + 14764. What is x(-103)?
35
Let n(y) = -18946*y - 75846. What is n(-4)?
-62
Let y(s) = 2*s**2 - 241*s + 6922. What is y(68)?
-218
Let n(j) = 7479*j - 79584. Give n(11).
2685
Let n(w) = 1948*w - 44783. Calculate n(23).
21
Let w(c) = 3898*c - 12015. Determine w(3).
-321
Let w(k) = 2*k**3 + 240*k**2 - 1586*k - 9339. What is w(-126)?
-15
Let i(n) = n**2 - 426*n + 21521. Determine i(61).
-744
Let s(f) = 115*f + 3080. Determine s(-30).
-370
Let n(b) = 563*b**3 + 129*b**2 - 125*b - 5. Give n(1).
562
Let r(a) = -3506*a + 1738970. Give r(496).
-6
Let y(f) = 663*f - 7732. Give y(9).
-1765
Let s(y) = -y**3 - 66*y**2 + 142*y + 125. Determine s(-68).
-283
Let s(h) = h**3 - 16*h**2 - 56*h + 265. Calculate s(18).
-95
Let i(t) = -t**3 - 29*t**2 - 80*t + 54. What is i(-26)?
106
Let l(o) = -4*o**3 - 40*o**2 + 14*o + 105. What is l(-11)?
435
Let z(q) = -q**2 + 2125. Give z(41).
444
Let z(f) = 2*f**3 + 17*f**2 - 36*f + 273. Give z(7).
1540
Let t(i) = 2*i**2 + 34*i - 34412. Determine t(123).
28
Let f(l) = 1726*l + 25869. What is f(-15)?
-21
Let h(c) = -c**3 - 37*c**2 + 122*c + 148. Calculate h(9).
-2480
Let s(p) = 3*p**2 - 132053*p + 264095. Give s(2).
1
Let l(n) = -1291*n - 1678. What is l(-1)?
-387
Let o(t) = 2*t**2 - 759*t + 997. Give o(378).
-137
Let r(o) = -104*o**3 - 2*o**2 + 20*o - 17. What is r(1)?
-103
Let n(k) = -12*k**2 - 145*k + 1731. Give n(8).
-197
Let w(q) = 763*q + 3529. What is w(-4)?
477
Let t(k) = -4517*k**2 - 356848*k - 414. Determine t(-79).
-19
Let r(q) = 286*q - 21306. Calculate r(70).
-1286
Let i(n) = -9*n**3 + 302*n**2 - 1953*n - 320. What is i(9)?
4
Let y(j) = j**3 + 899*j**2 + 13264*j + 61. What is y(-15)?
1
Let w(u) = -u**2 - 184*u + 1726. Give w(-193).
-11
Let t(c) = c**3 - 15*c**2 + 1367*c + 4272. Determine t(-3).
9
Let p(n) = -18315*n + 1703206. Determine p(93).
-89
Let c(z) = 170*z - 28219. Calculate c(166).
1
Let d(k) = -k**3 + 135*k**2 - 696*k - 10074. Give d(129).
-12
Let l(p) = 3*p**3 - 463*p**2 - 318*p - 252. What is l(155)?
-1492
Let n(h) = 15*h**2 - 369*h - 1126. Calculate n(-3).
116
Let i(n) = 9*n**2 + 1050*n + 3731. Give i(-113).
2
Let r(q) = -2*q**2 - 1198*q - 10980. What is r(-9)?
-360
Let d(l) = 12030*l - 47634. Give d(4).
486
Let y(o) = -191*o - 5738. Calculate y(-29).
-199
Let a(i) = i**3 - 350*i**2 + 10128*i + 15146. Give a(318).
-118
Let b(q) = -417*q**3 - q**2 - 51*q + 51. Calculate b(1).
-418
Let a(g) = g**2 + 9623*g - 10009787. Determine a(947).
3
Let l(m) = -m**3 - 45*m**2 - 191*m - 2. What is l(-40)?
-362
Let d(z) = -3*z**2 + 61*z - 649. Calculate d(12).
-349
Let i(h) = 2*h**3 + 19*h**2 - 249*h - 2111. Give i(-8).
73
Let b(f) = 1424*f + 341755. What is b(-240)?
-5
Let c(i) = 31*i**2 + 1444*i - 9778. Give c(6).
2
Let c(m) = 2222*m - 48610. Determine c(22).
274
Let w(c) = -465*c**2 - 1840*c + 44. Determine w(-4).
-36
Let s(f) = -39*f**3 + f**2 - 47*f - 177. Give s(-3).
1026
Let a(q) = -q**3 + 1336*q**2 - 2687*q + 39. Determine a(2).
1
Let k(d) = 40242*d - 4426553. Determine k(110).
67
Let m(c) = -c**3 + 24*c**2 - 6523*c + 142476. What is m(22)?
-62
Let f(m) = 31319*m - 501202. Calculate f(16).
-98
Let r(o) = 3925*o + 39270. Determine r(-10).
20
Let z(r) = 11194*r + 8216396. What is z(-734)?
0
Let j(v) = 5073*v + 573171. Give j(-113).
-78
Let b(s) = -s**2 + 23653*s + 1042668. Determine b(-44).
0
Let g(t) = 33407*t + 334706. Give g(-10).
636
Let x(p) = -p**3 - 62*p**2 - 963*p - 678. Calculate x(-34).
-304
Let a(g) = 5*g**2 - 977*g + 40014. Give a(137).
10
Let f(g) = -10*g**2 + 2143*g + 10280. Give f(219).
-13
Let y(w) = -w**3 + 66*w**2 + 452*w + 22. Give y(72).
1462
Let c(l) = -7*l**3 + 186*l**2 + 969*l - 248. Give c(31).
0
Let q(j) = -5*j**2 + 846036*j - 1692066. Give q(2).
-14
Let p(v) = 4*v**3 - 412*v**2 - 238*v + 24470. Determine p(103).
-44
Let f(k) = 1020*k - 26754. Determine f(25).
-1254
Let n(d) = d**3 - 87*d**2 + 101*d - 546. Determine n(86).
744
Let v(d) = 4*d**3 + 104*d**2 + 121*d - 3517. Calculate v(-23).
48
Let f(t) = -233*t + 17380. Calculate f(73).
371
Let y(p) = 2*p**3 + 5*p**2 + 681*p + 2802. What is y(-4)?
30
Let v(h) = 148*h**2 - 1316*h + 1. Determine v(9).
145
Let o(v) = -246*v**2 + 3448*v - 24. Determine o(14).
32
Let j(d) = -4141*d**2 + 41125*d + 2830. What is j(10)?
-20
Let m(j) = -10*j**3 - 5*j**2 + 491*j + 4. Determine m(0).
4
Let l(k) = k**3 - 88*k**2 + 40